23 = 3*j. What is the greatest common divisor of j and 28?
14
Let b be 1/(-2) - 5/(-2). Suppose -4*f + f + y + 197 = 0, -5*f = b*y - 332. What is the highest common factor of 6 and f?
6
Let c = 462 + -296. Let g = -111 + c. What is the highest common divisor of g and 11?
11
Suppose 4*c - 26 = -2. Calculate the highest common factor of 18 and c.
6
Let x(p) = -p + 20. Let k be x(17). What is the highest common factor of k and 2?
1
Suppose -d + 0*a + 47 = -4*a, 3*d - 149 = 4*a. Calculate the highest common divisor of d and 17.
17
Let r be (220/12)/((12/63)/4). Calculate the greatest common factor of r and 55.
55
Let a be (-2)/(-15) - (-2926)/105. Calculate the highest common divisor of a and 35.
7
Let y = 73 + 39. What is the highest common factor of 16 and y?
16
Let p(h) = h**3 + 6*h**2 - h - 1. Let v be p(-6). Let w be (-66)/(-15) - 2/v. Suppose -y + 66 = -w. Calculate the highest common divisor of 14 and y.
14
Let g = -170 + 345. Calculate the greatest common divisor of g and 25.
25
Suppose 2*l - t - 350 = -3*l, 4*l = -2*t + 266. Calculate the greatest common divisor of 46 and l.
23
Let d be ((-3)/(-9))/((-2)/(-24)). Let w be d/(2/1) - -12. Calculate the greatest common factor of 35 and w.
7
Let o(a) = a**3 + 5*a**2 + 4*a. Let p be o(-4). Let y(j) = j**3 - j**2 + j + 18. Let r be y(p). Calculate the greatest common factor of r and 45.
9
Suppose -34*b = -38*b + 20. What is the greatest common divisor of b and 15?
5
Suppose -8 = x - 4*n, -n - 2*n = -2*x - 1. Suppose -3*j = x*v - 10, -2*j + 4 = 2*j - 4*v. What is the greatest common factor of j and 10?
2
Let t(r) = r**3 - 5*r**2 + 4*r + 5. Let h be t(4). Let l = -4 - -6. Suppose -b = -l*b + 15. Calculate the highest common divisor of b and h.
5
Let f = 2 + 5. Calculate the highest common factor of 14 and f.
7
Let y = -135 + 183. What is the greatest common factor of 16 and y?
16
Let r = 406 + -126. Suppose 6*v - r = v. Suppose 0 = 6*w - 2*w - 28. What is the greatest common divisor of w and v?
7
Let i = 14 - 5. Suppose 5*w - i = 41. Let z be (198/15)/(4/w). What is the highest common divisor of 22 and z?
11
Suppose -3*b - b - 196 = 2*r, 3*r = 2*b - 326. Let p = -52 - r. Suppose 3*s = -0*s + p. What is the highest common divisor of 198 and s?
18
Suppose -6*s = -194 - 148. Calculate the greatest common divisor of s and 399.
57
Suppose 2*p - 19 = -q, -3*p - 55 = 5*q - 164. Calculate the highest common divisor of 253 and q.
23
Let l(u) = u**3 + 7*u**2 - 18*u + 9. Let w be l(-7). What is the highest common factor of w and 27?
27
Let x = 9 + 1. Let p = x - 16. Let i be 9/(-4)*32/p. What is the greatest common factor of 12 and i?
12
Let u(g) be the third derivative of g**4/8 + 2*g**3/3 - 2*g**2. Let n be u(3). Suppose 0*c + 78 = 3*c. What is the highest common divisor of n and c?
13
Let b be 18*((-1)/(-2))/1. Calculate the highest common factor of b and 9.
9
Let s(j) = j**2 + 15*j + 30. Let v be s(-14). Calculate the greatest common factor of v and 8.
8
Suppose -5*m + 96 = f, -f - 11*m + 87 = -9*m. Let t be -1*2*21/6. Let p = t - -16. Calculate the highest common divisor of f and p.
9
Suppose 0*n - d = -n + 4, 0 = 5*n - 3*d - 30. What is the highest common divisor of n and 36?
9
Let s = -5 - -5. Suppose -3*y = 3*t + 48, 3*y + 4*t + 33 + 20 = s. Let i = 56 + y. Calculate the greatest common factor of 9 and i.
9
Suppose -3*r - 2*r = -160. Let k = 87 - 39. Suppose 0*i - k = -i. Calculate the greatest common divisor of i and r.
16
Suppose 11 = -p + 41. Let q(j) = j**3 - 9*j**2 + 9*j - 2. Let y(r) = r**2 - r - 4. Let a be y(4). Let w be q(a). Calculate the highest common factor of w and p.
6
Let l = -4 - -7. Suppose 2*q = q + 9. Let c = q - l. Calculate the greatest common divisor of 1 and c.
1
Let g(b) = b**3 + 6*b**2 + 5*b + 1. Let p be g(-5). Let v be 14/21*(p - -17). Calculate the greatest common factor of 132 and v.
12
Let q(x) = x**3 + 5*x**2 + 4*x. Let c be q(-3). Calculate the highest common factor of 6 and c.
6
Let c(v) = v**2 - 7*v - 6. Let t be c(6). Let h be (-1)/(-6) - 166/t. What is the greatest common factor of h and 126?
14
Let n(x) = x**2 - 8*x + 8. Let t be n(7). Suppose 0 = -3*r + 20 + t. What is the greatest common factor of r and 35?
7
Suppose -5*l = -l - 64. Suppose -v + l = 3*v. Suppose v*f = 47 + 25. Calculate the greatest common factor of f and 2.
2
Suppose -3*q - 72 = -2*h + q, -3*h = 2*q - 100. Let r = 4 + 1. Suppose k = -3*g + 48, r*k + 3*g + g = 251. Calculate the highest common divisor of h and k.
17
Suppose -12 = u - 3*u. Let l be 9/u*(4 - 2). What is the greatest common factor of 3 and l?
3
Let p(j) = -18*j**3 - j**2 - 2*j - 1. Let t be p(-1). Calculate the greatest common divisor of t and 162.
18
Let q = 10 + -1. What is the highest common divisor of 63 and q?
9
Let h be (1/((-1)/(-3)))/1. What is the highest common divisor of 3 and h?
3
Let k = 10 - 7. Suppose 21 = b + k. What is the greatest common divisor of b and 90?
18
Let p = 10 - -30. Suppose 55 = t + 10*t. What is the highest common factor of t and p?
5
Suppose -3*j - 2*t = -4*j + 74, 0 = 3*j - 5*t - 221. Let x = 14 + -5. Calculate the greatest common factor of j and x.
9
Let l be ((-2)/(-4))/(15/720). Calculate the highest common factor of l and 8.
8
Suppose 0 = 14*l - 18*l + 100. Calculate the highest common factor of l and 50.
25
Suppose -4*w = -w, -3*w = -5*g + 140. Calculate the highest common factor of g and 308.
28
Suppose -v = -4*r - 51 + 150, -3*v - 105 = -4*r. Let l be 16/6*162/r. Calculate the greatest common factor of l and 90.
18
Suppose -11 = f - 27. Calculate the highest common divisor of f and 96.
16
Let o = 11 - 7. Let x(d) = d**2 + 9*d + 18. Let q be x(-2). What is the greatest common factor of q and o?
4
Suppose 0 = -0*p - 2*p - 14. Let u = 18 + 19. Let g = u + p. What is the highest common factor of g and 12?
6
Let n be (4/(-6))/(10/(-345)). Suppose 4*j = 49 + n. Calculate the greatest common factor of 27 and j.
9
Let k be (-19)/(-5) + (-3)/(-15). Let q = -30 - -44. Suppose -o + 16 = 4*c, q = 3*o - 6*c + c. Calculate the highest common factor of k and o.
4
Let l(u) = 65*u - 14. Let p(w) = -43*w + 9. Let c(d) = 5*l(d) + 8*p(d). Let s be c(-2). Calculate the highest common divisor of 5 and s.
5
Suppose b - 6*b = -90. Let k(x) = 5*x - 3. Let d be k(3). Calculate the highest common divisor of b and d.
6
Let q be -1 - (12/(-3) + 0). Calculate the greatest common factor of q and 15.
3
Let d = 16 + -8. Let p be 4/16 + 350/d. What is the greatest common factor of 110 and p?
22
Suppose 5*f + 12 = 2*f, 0 = -2*u - 4*f - 6. Let s(y) = -y**2 + 6*y + 6. Let i be s(u). What is the greatest common divisor of 77 and i?
11
Suppose -5*z - 5*s = 0, -s = -6*s - 15. Let o = -1 + z. Suppose 2*f = 2*g - 14, -g + 2*f = -3*g + 6. Calculate the greatest common divisor of g and o.
1
Suppose 0 = -2*k + 4*k - 16. Let a be (3 - -2)*(0 + 1). Suppose -d + 28 = 4*v, -4*v + a*d + 19 = -33. Calculate the highest common divisor of v and k.
8
Let k be 200/9 - 16/72. Suppose -5*d + 0 = -10. Calculate the greatest common factor of k and d.
2
Let u(z) = -z**2 - 5*z + 2. Let c be u(-6). Let w be c*(2 - (1 + 2)). Suppose 5*d - w*d = 99. What is the greatest common factor of d and 9?
9
Let v(j) = j**3 - j**2 + 2*j + 10. Let u be v(0). What is the highest common divisor of u and 80?
10
Let q = -102 - -128. What is the greatest common divisor of q and 65?
13
Let f = -23 - -34. Calculate the greatest common factor of 44 and f.
11
Let j be ((-4)/3)/((-16)/312). What is the highest common divisor of 26 and j?
26
Let n = 580 + -342. Suppose -g - g + n = 0. What is the greatest common divisor of 17 and g?
17
Let m(x) be the second derivative of x**4/12 - 2*x**3/3 - 2*x**2 - 4*x. Let r be m(7). Calculate the highest common factor of 187 and r.
17
Suppose f + 180 = 6*f. Calculate the greatest common divisor of 90 and f.
18
Let g be 3/(-2)*(-24)/18. Suppose -2*h = -0*c + 5*c - 27, 2*h = -g*c + 6. Calculate the greatest common divisor of 14 and c.
7
Suppose t - 10 - 2 = 0. Suppose -q = 2*q - t. Suppose 16 = q*y - 16. What is the highest common factor of y and 2?
2
Let a be (-6)/(-9) + 2200/12. Calculate the highest common divisor of 23 and a.
23
Suppose -51 = -3*x + 48. Suppose 15*o - 77 = 8*o. Calculate the greatest common factor of x and o.
11
S